{"id":7,"date":"2016-07-12T20:22:29","date_gmt":"2016-07-12T20:22:29","guid":{"rendered":"http:\/\/www.carspa.hu\/budapest\/?page_id=7"},"modified":"2024-04-02T00:05:32","modified_gmt":"2024-04-01T22:05:32","slug":"akciok","status":"publish","type":"page","link":"https:\/\/www.carspa.hu\/budapest\/akciok","title":{"rendered":"Akci\u00f3k"},"content":{"rendered":"<table class=\"discounts\" style=\"width: 100%;\" border=\"0\" cellspacing=\"0\" cellpadding=\"0\">\n<tbody>\n<tr>\n<td style=\"text-align: center;\" valign=\"top\" width=\"225\"><img loading=\"lazy\" decoding=\"async\" class=\"alignnone size-full wp-image-197\" src=\"http:\/\/www.carspa.hu\/budapest\/wp-content\/uploads\/2016\/07\/esogarancia.png\" alt=\"esogarancia\" width=\"150\" height=\"150\" srcset=\"https:\/\/www.carspa.hu\/budapest\/wp-content\/uploads\/2016\/07\/esogarancia.png 150w, https:\/\/www.carspa.hu\/budapest\/wp-content\/uploads\/2016\/07\/esogarancia-141x141.png 141w\" sizes=\"auto, (max-width: 150px) 100vw, 150px\" \/><\/p>\n<h3>ES\u0150GARANCIA<\/h3>\n<p>Gold, Platinum, Diamond, ExtraK\u00fcls\u0151 programcsomagok, valamint teljes aut\u00f3kozmetika ig\u00e9nybe v\u00e9tele eset\u00e9n\u00a0az alapmos\u00e1st d\u00edjmentesen elv\u00e9gezz\u00fck, ha a mos\u00e1s id\u0151pontj\u00e1t\u00f3l sz\u00e1m\u00edtottan 24 \u00f3r\u00e1n bel\u00fcl esett az es\u0151 <em>(<span style=\"text-decoration: underline;\">mindez nem\u00a0el\u0151rejelzett csapad\u00e9kos napra vonatkozik!!!<\/span>)<\/em>.<\/td>\n<td valign=\"top\" width=\"10\"><\/td>\n<td style=\"text-align: center;\" valign=\"top\" width=\"225\"><img loading=\"lazy\" decoding=\"async\" class=\"alignnone size-full wp-image-200\" src=\"http:\/\/www.carspa.hu\/budapest\/wp-content\/uploads\/2016\/07\/szuletesnap.png\" alt=\"szuletesnap\" width=\"150\" height=\"150\" srcset=\"https:\/\/www.carspa.hu\/budapest\/wp-content\/uploads\/2016\/07\/szuletesnap.png 150w, https:\/\/www.carspa.hu\/budapest\/wp-content\/uploads\/2016\/07\/szuletesnap-141x141.png 141w\" sizes=\"auto, (max-width: 150px) 100vw, 150px\" \/><\/p>\n<h3>SZ\u00dcLET\u00c9SNAP<\/h3>\n<p>Minden kedves \u00fcgyfel\u00fcnknek, aki saj\u00e1t sz\u00fclet\u00e9snapj\u00e1n ig\u00e9nybe veszi az aut\u00f3mos\u00f3nk b\u00e1rmelyik szolg\u00e1ltat\u00e1s\u00e1t a szolg\u00e1ltat\u00e1si d\u00edjb\u00f3l &#8211;<strong>15%<\/strong> sz\u00fclet\u00e9snapi kedvezm\u00e9nyt biztos\u00edtunk.<\/p>\n<p><span style=\"font-size: x-small;\">(A kedvezm\u00e9ny kiz\u00e1r\u00f3lag a sz\u00fclet\u00e9si napon \u00e9s 1db aut\u00f3ra vehet\u0151 ig\u00e9nybe. M\u00e1s kedvezm\u00e9nyekkel nem vonhat\u00f3 \u00f6ssze.)<\/span><\/td>\n<td valign=\"top\" width=\"10\"><\/td>\n<td style=\"text-align: center;\" valign=\"top\" width=\"225\"><img loading=\"lazy\" decoding=\"async\" class=\"alignnone size-full wp-image-196\" src=\"http:\/\/www.carspa.hu\/budapest\/wp-content\/uploads\/2016\/07\/10.png\" alt=\"10\" width=\"150\" height=\"150\" srcset=\"https:\/\/www.carspa.hu\/budapest\/wp-content\/uploads\/2016\/07\/10.png 150w, https:\/\/www.carspa.hu\/budapest\/wp-content\/uploads\/2016\/07\/10-141x141.png 141w\" sizes=\"auto, (max-width: 150px) 100vw, 150px\" \/><\/p>\n<h3>-10% KEDVEZM\u00c9NY<\/h3>\n<p>Ha 10 alkalommal rendszeresen ig\u00e9nybe vette szolg\u00e1ltat\u00e1sunkat, 10% kedvezm\u00e9ny jogosults\u00e1ggal aj\u00e1nd\u00e9kozzuk meg.<\/td>\n<td style=\"text-align: center;\" valign=\"top\" width=\"10\"><\/td>\n<td style=\"text-align: center;\" valign=\"top\" width=\"225\">\u00a0 <img loading=\"lazy\" decoding=\"async\" class=\"alignnone size-full wp-image-198\" src=\"http:\/\/www.carspa.hu\/budapest\/wp-content\/uploads\/2016\/07\/flotta.png\" alt=\"flotta\" width=\"150\" height=\"150\" srcset=\"https:\/\/www.carspa.hu\/budapest\/wp-content\/uploads\/2016\/07\/flotta.png 150w, https:\/\/www.carspa.hu\/budapest\/wp-content\/uploads\/2016\/07\/flotta-141x141.png 141w\" sizes=\"auto, (max-width: 150px) 100vw, 150px\" \/><\/p>\n<h3 style=\"text-align: center;\">C\u00c9GEKNEK FLOTTAKEDVEZM\u00c9NY<\/h3>\n<p>A g\u00e9pkocsik sz\u00e1ma, t\u00edpusa \u00e9s a mos\u00e1s gyakoris\u00e1ga ismeret\u00e9ben egyedileg kalkul\u00e1ljuk \u00e1rainkat. K\u00e9rje szem\u00e9lyre szabott \u00e1raj\u00e1nlatunkat.<\/p>\n<p><span style=\"font-size: x-small;\">Flott\u00e1k eset\u00e9ben a kedvezm\u00e9nyes mos\u00e1si d\u00edjak a szerz\u0151d\u00e9sben r\u00f6gz\u00edtett rendsz\u00e1m\u00fa g\u00e9pkocsikra \u00e9rv\u00e9nyesek. A szerz\u0151d\u00f6tt rendsz\u00e1mokat sz\u00e1m\u00edt\u00f3g\u00e9pes rendszerben t\u00e1roljuk, \u00e9s rendsz\u00e1monk\u00e9nt pontosan r\u00f6gz\u00edtj\u00fck, hogy melyik aut\u00f3 mikor, \u00e9s milyen mos\u00e1si programot vett ig\u00e9nybe. A mos\u00e1si d\u00edjakat havonta, egy \u00f6sszegben, a sz\u00e1m\u00edt\u00f3g\u00e9pes nyilv\u00e1ntart\u00e1s alapj\u00e1n sz\u00e1ml\u00e1zzuk.<\/span><\/td>\n<\/tr>\n<tr>\n<td colspan=\"7\" valign=\"top\"><\/td>\n<\/tr>\n<tr>\n<td style=\"border-top: 1px solid #CCC;\" colspan=\"7\" valign=\"top\">&nbsp;<\/p>\n<table style=\"width: 100%;\" border=\"0\" cellspacing=\"0\" cellpadding=\"0\">\n<tbody>\n<tr>\n<td valign=\"top\" width=\"210\"><img loading=\"lazy\" decoding=\"async\" class=\"alignnone size-full wp-image-199\" style=\"margin: 0 20px 0 39px;\" src=\"http:\/\/www.carspa.hu\/budapest\/wp-content\/uploads\/2016\/07\/hetkoznapi.png\" alt=\"hetkoznapi\" width=\"150\" height=\"150\" srcset=\"https:\/\/www.carspa.hu\/budapest\/wp-content\/uploads\/2016\/07\/hetkoznapi.png 150w, https:\/\/www.carspa.hu\/budapest\/wp-content\/uploads\/2016\/07\/hetkoznapi-141x141.png 141w\" sizes=\"auto, (max-width: 150px) 100vw, 150px\" \/><\/td>\n<td valign=\"top\">\n<h3>KEDVEZM\u00c9NYEK H\u00c9TK\u00d6ZNAPOKRA<\/h3>\n<table style=\"width: 100%;\" border=\"0\" cellspacing=\"0\" cellpadding=\"0\">\n<tbody>\n<tr>\n<td colspan=\"5\" valign=\"top\">H\u00e9tf\u0151t\u0151l-P\u00e9ntekig <strong>10:00<\/strong> \u00e9s <strong>14:00<\/strong> \u00f3ra k\u00f6z\u00f6tt a mos\u00e1si d\u00edjb\u00f3l &#8211;<strong>10%<\/strong> kedvezm\u00e9nyt adunk az al\u00e1bbi \u00fcgyfeleinknek:<\/td>\n<\/tr>\n<tr>\n<td align=\"center\" valign=\"top\" width=\"19%\"><strong>H\u00e9tf\u0151<\/strong><br \/>\nNyugd\u00edjas Igazolv\u00e1nnyal rendelkez\u0151k<\/td>\n<td style=\"padding-left: 10px;\" align=\"center\" valign=\"top\" width=\"18%\"><strong>Kedd<\/strong><br \/>\nA Diamond mos\u00e1si programot ig\u00e9nybevev\u0151k<\/td>\n<td style=\"padding-left: 10px;\" align=\"center\" valign=\"top\" width=\"18%\"><strong>Szerda<\/strong><br \/>\nKisgyermekkel (0-14 \u00e9v k\u00f6z\u00f6tt) \u00e9rkezik<\/td>\n<td style=\"padding-left: 10px;\" align=\"center\" valign=\"top\" width=\"18%\"><strong>Cs\u00fct\u00f6rt\u00f6k<\/strong><br \/>\nDi\u00e1kigazolv\u00e1nnyal rendelkezik<\/td>\n<td style=\"padding-left: 10px;\" align=\"center\" valign=\"top\" width=\"27%\"><strong>P\u00e9ntek<\/strong><br \/>\nH\u00f6lgy g\u00e9pkocsivezet\u0151k<\/td>\n<\/tr>\n<\/tbody>\n<\/table>\n<\/td>\n<\/tr>\n<\/tbody>\n<\/table>\n<p><em><strong>\u00a0 \u00a0 \u00a0 \u00a0 \u00a0 \u00a0 \u00a0 \u00a0 \u00a0 \u00a0 \u00a0 \u00a0 \u00a0 \u00a0 \u00a0 \u00a0 \u00a0 \u00a0 \u00a0 \u00a0 \u00a0 \u00a0 \u00a0 \u00a0 \u00a0 \u00a0 \u00a0 \u00a0 \u00a0 \u00a0 \u00a0-10% Kedvezm\u00e9ny\u00a0<\/strong><\/em>Kiz\u00e1r\u00f3lag Gold-Platinum-Diamond csomagokn\u00e1l vehet\u0151 ig\u00e9nybe.<\/td>\n<\/tr>\n<\/tbody>\n<\/table>\n<table style=\"height: 206px;\" width=\"824\">\n<tbody>\n<tr class=\"alignnone\">\n<td><img loading=\"lazy\" decoding=\"async\" class=\"wp-image-244 size-thumbnail alignleft\" src=\"http:\/\/www.carspa.hu\/budapest\/wp-content\/uploads\/2016\/07\/rokkant-141x141.jpg\" alt=\"rokkant\" width=\"141\" height=\"141\" srcset=\"https:\/\/www.carspa.hu\/budapest\/wp-content\/uploads\/2016\/07\/rokkant-141x141.jpg 141w, https:\/\/www.carspa.hu\/budapest\/wp-content\/uploads\/2016\/07\/rokkant.jpg 258w\" sizes=\"auto, (max-width: 141px) 100vw, 141px\" \/><\/td>\n<td>Minden kedves rokkant igazol\u00e1ssal rendelkez\u0151 \u00fcgyfel\u00fcnk r\u00e9sz\u00e9re, ha aut\u00f3mos\u00f3nk\u00a0<strong>Gold- Platinum- Diamond<\/strong> szolg\u00e1ltat\u00e1s\u00e1t ig\u00e9nybe veszi <strong>-20%<\/strong> kedvezm\u00e9nyt biztos\u00edtunk.<\/td>\n<\/tr>\n<\/tbody>\n<\/table>\n<p>&nbsp;<\/p>\n","protected":false},"excerpt":{"rendered":"<p>ES\u0150GARANCIA Gold, Platinum, Diamond, ExtraK\u00fcls\u0151 programcsomagok, valamint teljes aut\u00f3kozmetika ig\u00e9nybe v\u00e9tele eset\u00e9n\u00a0az alapmos\u00e1st d\u00edjmentesen elv\u00e9gezz\u00fck, ha a mos\u00e1s id\u0151pontj\u00e1t\u00f3l sz\u00e1m\u00edtottan 24 \u00f3r\u00e1n bel\u00fcl esett az es\u0151 (mindez nem\u00a0el\u0151rejelzett csapad\u00e9kos napra vonatkozik!!!). SZ\u00dcLET\u00c9SNAP Minden kedves \u00fcgyfel\u00fcnknek, aki saj\u00e1t sz\u00fclet\u00e9snapj\u00e1n ig\u00e9nybe veszi az aut\u00f3mos\u00f3nk b\u00e1rmelyik szolg\u00e1ltat\u00e1s\u00e1t a szolg\u00e1ltat\u00e1si d\u00edjb\u00f3l &#8211;15% sz\u00fclet\u00e9snapi kedvezm\u00e9nyt biztos\u00edtunk. (A kedvezm\u00e9ny kiz\u00e1r\u00f3lag a [&hellip;]<\/p>\n","protected":false},"author":1,"featured_media":0,"parent":0,"menu_order":0,"comment_status":"closed","ping_status":"closed","template":"page-full-width.php","meta":{"_acf_changed":false,"footnotes":""},"class_list":["post-7","page","type-page","status-publish","hentry"],"acf":[],"yoast_head":"<!-- This site is optimized with the Yoast SEO plugin v26.6 - https:\/\/yoast.com\/wordpress\/plugins\/seo\/ -->\n<title>Akci\u00f3k - BUBBLES K\u00e9zi Aut\u00f3mos\u00f3 (Budapest)<\/title>\n<meta name=\"robots\" content=\"index, follow, max-snippet:-1, max-image-preview:large, max-video-preview:-1\" \/>\n<link rel=\"canonical\" href=\"https:\/\/www.carspa.hu\/budapest\/akciok\" \/>\n<meta property=\"og:locale\" content=\"hu_HU\" \/>\n<meta property=\"og:type\" content=\"article\" \/>\n<meta property=\"og:title\" content=\"Akci\u00f3k - BUBBLES K\u00e9zi Aut\u00f3mos\u00f3 (Budapest)\" \/>\n<meta property=\"og:description\" content=\"ES\u0150GARANCIA Gold, Platinum, Diamond, ExtraK\u00fcls\u0151 programcsomagok, valamint teljes aut\u00f3kozmetika ig\u00e9nybe v\u00e9tele eset\u00e9n\u00a0az alapmos\u00e1st d\u00edjmentesen elv\u00e9gezz\u00fck, ha a mos\u00e1s id\u0151pontj\u00e1t\u00f3l sz\u00e1m\u00edtottan 24 \u00f3r\u00e1n bel\u00fcl esett az es\u0151 (mindez nem\u00a0el\u0151rejelzett csapad\u00e9kos napra vonatkozik!!!). SZ\u00dcLET\u00c9SNAP Minden kedves \u00fcgyfel\u00fcnknek, aki saj\u00e1t sz\u00fclet\u00e9snapj\u00e1n ig\u00e9nybe veszi az aut\u00f3mos\u00f3nk b\u00e1rmelyik szolg\u00e1ltat\u00e1s\u00e1t a szolg\u00e1ltat\u00e1si d\u00edjb\u00f3l &#8211;15% sz\u00fclet\u00e9snapi kedvezm\u00e9nyt biztos\u00edtunk. (A kedvezm\u00e9ny kiz\u00e1r\u00f3lag a [&hellip;]\" \/>\n<meta property=\"og:url\" content=\"https:\/\/www.carspa.hu\/budapest\/akciok\" \/>\n<meta property=\"og:site_name\" content=\"BUBBLES K\u00e9zi Aut\u00f3mos\u00f3 (Budapest)\" \/>\n<meta property=\"article:modified_time\" content=\"2024-04-01T22:05:32+00:00\" \/>\n<meta property=\"og:image\" content=\"https:\/\/www.carspa.hu\/budapest\/wp-content\/uploads\/2016\/07\/esogarancia.png\" \/>\n\t<meta property=\"og:image:width\" content=\"150\" \/>\n\t<meta property=\"og:image:height\" content=\"150\" \/>\n\t<meta property=\"og:image:type\" content=\"image\/png\" \/>\n<meta name=\"twitter:card\" content=\"summary_large_image\" \/>\n<meta name=\"twitter:label1\" content=\"Becs\u00fclt olvas\u00e1si id\u0151\" \/>\n\t<meta name=\"twitter:data1\" content=\"2 perc\" \/>\n<script type=\"application\/ld+json\" class=\"yoast-schema-graph\">{\"@context\":\"https:\/\/schema.org\",\"@graph\":[{\"@type\":\"WebPage\",\"@id\":\"https:\/\/www.carspa.hu\/budapest\/akciok\",\"url\":\"https:\/\/www.carspa.hu\/budapest\/akciok\",\"name\":\"Akci\u00f3k - BUBBLES K\u00e9zi Aut\u00f3mos\u00f3 (Budapest)\",\"isPartOf\":{\"@id\":\"https:\/\/www.carspa.hu\/budapest\/#website\"},\"primaryImageOfPage\":{\"@id\":\"https:\/\/www.carspa.hu\/budapest\/akciok#primaryimage\"},\"image\":{\"@id\":\"https:\/\/www.carspa.hu\/budapest\/akciok#primaryimage\"},\"thumbnailUrl\":\"http:\/\/www.carspa.hu\/budapest\/wp-content\/uploads\/2016\/07\/esogarancia.png\",\"datePublished\":\"2016-07-12T20:22:29+00:00\",\"dateModified\":\"2024-04-01T22:05:32+00:00\",\"breadcrumb\":{\"@id\":\"https:\/\/www.carspa.hu\/budapest\/akciok#breadcrumb\"},\"inLanguage\":\"hu\",\"potentialAction\":[{\"@type\":\"ReadAction\",\"target\":[\"https:\/\/www.carspa.hu\/budapest\/akciok\"]}]},{\"@type\":\"ImageObject\",\"inLanguage\":\"hu\",\"@id\":\"https:\/\/www.carspa.hu\/budapest\/akciok#primaryimage\",\"url\":\"http:\/\/www.carspa.hu\/budapest\/wp-content\/uploads\/2016\/07\/esogarancia.png\",\"contentUrl\":\"http:\/\/www.carspa.hu\/budapest\/wp-content\/uploads\/2016\/07\/esogarancia.png\"},{\"@type\":\"BreadcrumbList\",\"@id\":\"https:\/\/www.carspa.hu\/budapest\/akciok#breadcrumb\",\"itemListElement\":[{\"@type\":\"ListItem\",\"position\":1,\"name\":\"Home\",\"item\":\"https:\/\/www.carspa.hu\/budapest\/\"},{\"@type\":\"ListItem\",\"position\":2,\"name\":\"Akci\u00f3k\"}]},{\"@type\":\"WebSite\",\"@id\":\"https:\/\/www.carspa.hu\/budapest\/#website\",\"url\":\"https:\/\/www.carspa.hu\/budapest\/\",\"name\":\"BUBBLES K\u00e9zi Aut\u00f3mos\u00f3 (Budapest)\",\"description\":\"K\u00e9zi aut\u00f3mos\u00f3\",\"potentialAction\":[{\"@type\":\"SearchAction\",\"target\":{\"@type\":\"EntryPoint\",\"urlTemplate\":\"https:\/\/www.carspa.hu\/budapest\/?s={search_term_string}\"},\"query-input\":{\"@type\":\"PropertyValueSpecification\",\"valueRequired\":true,\"valueName\":\"search_term_string\"}}],\"inLanguage\":\"hu\"}]}<\/script>\n<!-- \/ Yoast SEO plugin. -->","yoast_head_json":{"title":"Akci\u00f3k - BUBBLES K\u00e9zi Aut\u00f3mos\u00f3 (Budapest)","robots":{"index":"index","follow":"follow","max-snippet":"max-snippet:-1","max-image-preview":"max-image-preview:large","max-video-preview":"max-video-preview:-1"},"canonical":"https:\/\/www.carspa.hu\/budapest\/akciok","og_locale":"hu_HU","og_type":"article","og_title":"Akci\u00f3k - BUBBLES K\u00e9zi Aut\u00f3mos\u00f3 (Budapest)","og_description":"ES\u0150GARANCIA Gold, Platinum, Diamond, ExtraK\u00fcls\u0151 programcsomagok, valamint teljes aut\u00f3kozmetika ig\u00e9nybe v\u00e9tele eset\u00e9n\u00a0az alapmos\u00e1st d\u00edjmentesen elv\u00e9gezz\u00fck, ha a mos\u00e1s id\u0151pontj\u00e1t\u00f3l sz\u00e1m\u00edtottan 24 \u00f3r\u00e1n bel\u00fcl esett az es\u0151 (mindez nem\u00a0el\u0151rejelzett csapad\u00e9kos napra vonatkozik!!!). SZ\u00dcLET\u00c9SNAP Minden kedves \u00fcgyfel\u00fcnknek, aki saj\u00e1t sz\u00fclet\u00e9snapj\u00e1n ig\u00e9nybe veszi az aut\u00f3mos\u00f3nk b\u00e1rmelyik szolg\u00e1ltat\u00e1s\u00e1t a szolg\u00e1ltat\u00e1si d\u00edjb\u00f3l &#8211;15% sz\u00fclet\u00e9snapi kedvezm\u00e9nyt biztos\u00edtunk. (A kedvezm\u00e9ny kiz\u00e1r\u00f3lag a [&hellip;]","og_url":"https:\/\/www.carspa.hu\/budapest\/akciok","og_site_name":"BUBBLES K\u00e9zi Aut\u00f3mos\u00f3 (Budapest)","article_modified_time":"2024-04-01T22:05:32+00:00","og_image":[{"width":150,"height":150,"url":"https:\/\/www.carspa.hu\/budapest\/wp-content\/uploads\/2016\/07\/esogarancia.png","type":"image\/png"}],"twitter_card":"summary_large_image","twitter_misc":{"Becs\u00fclt olvas\u00e1si id\u0151":"2 perc"},"schema":{"@context":"https:\/\/schema.org","@graph":[{"@type":"WebPage","@id":"https:\/\/www.carspa.hu\/budapest\/akciok","url":"https:\/\/www.carspa.hu\/budapest\/akciok","name":"Akci\u00f3k - BUBBLES K\u00e9zi Aut\u00f3mos\u00f3 (Budapest)","isPartOf":{"@id":"https:\/\/www.carspa.hu\/budapest\/#website"},"primaryImageOfPage":{"@id":"https:\/\/www.carspa.hu\/budapest\/akciok#primaryimage"},"image":{"@id":"https:\/\/www.carspa.hu\/budapest\/akciok#primaryimage"},"thumbnailUrl":"http:\/\/www.carspa.hu\/budapest\/wp-content\/uploads\/2016\/07\/esogarancia.png","datePublished":"2016-07-12T20:22:29+00:00","dateModified":"2024-04-01T22:05:32+00:00","breadcrumb":{"@id":"https:\/\/www.carspa.hu\/budapest\/akciok#breadcrumb"},"inLanguage":"hu","potentialAction":[{"@type":"ReadAction","target":["https:\/\/www.carspa.hu\/budapest\/akciok"]}]},{"@type":"ImageObject","inLanguage":"hu","@id":"https:\/\/www.carspa.hu\/budapest\/akciok#primaryimage","url":"http:\/\/www.carspa.hu\/budapest\/wp-content\/uploads\/2016\/07\/esogarancia.png","contentUrl":"http:\/\/www.carspa.hu\/budapest\/wp-content\/uploads\/2016\/07\/esogarancia.png"},{"@type":"BreadcrumbList","@id":"https:\/\/www.carspa.hu\/budapest\/akciok#breadcrumb","itemListElement":[{"@type":"ListItem","position":1,"name":"Home","item":"https:\/\/www.carspa.hu\/budapest\/"},{"@type":"ListItem","position":2,"name":"Akci\u00f3k"}]},{"@type":"WebSite","@id":"https:\/\/www.carspa.hu\/budapest\/#website","url":"https:\/\/www.carspa.hu\/budapest\/","name":"BUBBLES K\u00e9zi Aut\u00f3mos\u00f3 (Budapest)","description":"K\u00e9zi aut\u00f3mos\u00f3","potentialAction":[{"@type":"SearchAction","target":{"@type":"EntryPoint","urlTemplate":"https:\/\/www.carspa.hu\/budapest\/?s={search_term_string}"},"query-input":{"@type":"PropertyValueSpecification","valueRequired":true,"valueName":"search_term_string"}}],"inLanguage":"hu"}]}},"_links":{"self":[{"href":"https:\/\/www.carspa.hu\/budapest\/wp-json\/wp\/v2\/pages\/7","targetHints":{"allow":["GET"]}}],"collection":[{"href":"https:\/\/www.carspa.hu\/budapest\/wp-json\/wp\/v2\/pages"}],"about":[{"href":"https:\/\/www.carspa.hu\/budapest\/wp-json\/wp\/v2\/types\/page"}],"author":[{"embeddable":true,"href":"https:\/\/www.carspa.hu\/budapest\/wp-json\/wp\/v2\/users\/1"}],"replies":[{"embeddable":true,"href":"https:\/\/www.carspa.hu\/budapest\/wp-json\/wp\/v2\/comments?post=7"}],"version-history":[{"count":19,"href":"https:\/\/www.carspa.hu\/budapest\/wp-json\/wp\/v2\/pages\/7\/revisions"}],"predecessor-version":[{"id":499,"href":"https:\/\/www.carspa.hu\/budapest\/wp-json\/wp\/v2\/pages\/7\/revisions\/499"}],"wp:attachment":[{"href":"https:\/\/www.carspa.hu\/budapest\/wp-json\/wp\/v2\/media?parent=7"}],"curies":[{"name":"wp","href":"https:\/\/api.w.org\/{rel}","templated":true}]}}