{"id":9,"date":"2016-07-12T20:22:29","date_gmt":"2016-07-12T20:22:29","guid":{"rendered":"http:\/\/www.carspa.hu\/budapest\/?page_id=9"},"modified":"2025-04-01T15:33:36","modified_gmt":"2025-04-01T13:33:36","slug":"arak","status":"publish","type":"page","link":"https:\/\/www.carspa.hu\/budapest\/arak","title":{"rendered":"\u00c1rak"},"content":{"rendered":"<table class=\"pricetable\" style=\"width: 848px; height: 2822px;\" border=\"0\" cellspacing=\"1\" cellpadding=\"0\">\n<tbody>\n<tr>\n<td style=\"width: 280px; background-color: #ffffff;\" width=\"280\"><strong>Kedvezm\u00e9nyes mos\u00e1si programok<\/strong><\/td>\n<td colspan=\"3\" align=\"center\" bgcolor=\"#FFFFFF\">\n<h4><strong><img loading=\"lazy\" decoding=\"async\" class=\"alignnone size-full wp-image-208\" src=\"http:\/\/www.carspa.hu\/budapest\/wp-content\/uploads\/2016\/07\/tipus_szemely.jpg\" alt=\"tipus_szemely\" width=\"132\" height=\"82\" \/><span style=\"color: #ff6600;\">Szem\u00e9lyg\u00e9pkocsi<\/span><\/strong><\/h4>\n<h4><strong><span style=\"color: #ff6600;\">Kis<\/span>\u00a0 \u00a0 \u00a0 \u00a0 \u00a0 \u00a0 \u00a0\u00a0<span style=\"color: #ff6600;\">K\u00f6z\u00e9p\u00a0 \u00a0 \u00a0 \u00a0 \u00a0 \u00a0 \u00a0Nagy<\/span><\/strong><\/h4>\n<\/td>\n<td align=\"center\" bgcolor=\"#FFFFFF\">\n<h4><strong><img loading=\"lazy\" decoding=\"async\" class=\"alignnone size-full wp-image-206\" src=\"http:\/\/www.carspa.hu\/budapest\/wp-content\/uploads\/2016\/07\/tipus_furgon.jpg\" alt=\"tipus_furgon\" width=\"120\" height=\"82\" \/><span style=\"color: #ff6600;\">Jeep-Furgon, Kisteher<\/span><\/strong><\/h4>\n<\/td>\n<td align=\"center\" bgcolor=\"#FFFFFF\">\n<h4><strong><img loading=\"lazy\" decoding=\"async\" class=\"alignnone size-full wp-image-207\" src=\"http:\/\/www.carspa.hu\/budapest\/wp-content\/uploads\/2016\/07\/tipus_mikrobusz.jpg\" alt=\"tipus_mikrobusz\" width=\"143\" height=\"82\" srcset=\"https:\/\/www.carspa.hu\/budapest\/wp-content\/uploads\/2016\/07\/tipus_mikrobusz.jpg 143w, https:\/\/www.carspa.hu\/budapest\/wp-content\/uploads\/2016\/07\/tipus_mikrobusz-141x82.jpg 141w\" sizes=\"auto, (max-width: 143px) 100vw, 143px\" \/><span style=\"color: #ff6600;\">Mikrobusz, Nagyteher<\/span><\/strong><\/h4>\n<\/td>\n<\/tr>\n<tr class=\"rowcolor1\">\n<td>\n<h3><a name=\"bronz\"><\/a>Bronz<\/h3>\n<ul>\n<li>k\u00fcls\u0151 el\u0151mos\u00e1s akt\u00edv habbal<\/li>\n<li>sz\u00e1razol\u00e1s, falcok kit\u00f6rl\u00e9se<\/li>\n<li>\u00fcvegfel\u00fcletek\u00a0k\u00fcls\u0151 tiszt\u00edt\u00e1sa<\/li>\n<\/ul>\n<\/td>\n<td class=\"bigprice\" align=\"center\" width=\"95\">6.200Ft<\/td>\n<td class=\"bigprice\" align=\"center\" width=\"95\">6.900Ft<\/td>\n<td class=\"bigprice\" align=\"center\" width=\"96\">7.600Ft<\/td>\n<td class=\"bigprice\" align=\"center\" width=\"107\">9.700Ft<\/td>\n<td class=\"bigprice\" align=\"center\" width=\"128\">15.900Ft<\/td>\n<\/tr>\n<tr class=\"rowcolor2\">\n<td>\n<h3><a name=\"silver\"><\/a>Extra K\u00fcls\u0151 Nano Viasz<\/h3>\n<ul>\n<li>bog\u00e1relt\u00e1vol\u00edt\u00e1s, k\u00fcls\u0151 el\u0151mos\u00e1s akt\u00edv habbal, Nano viasz, vegyszeres felnitiszt\u00edt\u00e1s<\/li>\n<li>sz\u00e1razol\u00e1s, \u00fcvegfel\u00fcletek k\u00fcls\u0151 tiszt\u00edt\u00e1sa, falcok kit\u00f6rl\u00e9se<\/li>\n<li>gumisz\u0151nyeg tiszt\u00edt\u00e1sa<\/li>\n<li>alap porsz\u00edv\u00f3z\u00e1s &#8222;B&#8221; oszlopig<\/li>\n<li>gumi\u00e1pol\u00e1s<\/li>\n<li><strong>24 \u00f3r\u00e1s Es\u0151garancia<\/strong><\/li>\n<\/ul>\n<\/td>\n<td class=\"bigprice\" align=\"center\">10.500Ft<\/td>\n<td class=\"bigprice\" align=\"center\">11.000Ft<\/td>\n<td class=\"bigprice\" align=\"center\">11.600Ft<\/td>\n<td class=\"bigprice\" align=\"center\">13.750Ft<\/td>\n<td class=\"bigprice\" align=\"center\">19.800Ft<\/td>\n<\/tr>\n<tr class=\"rowcolor3\">\n<td style=\"background: url('http:\/\/www.carspa.hu\/budapest\/wp-content\/uploads\/2016\/07\/esogarancia_ikon.png') top right no-repeat;\">\n<h3><a name=\"gold\"><\/a>Gold + Aut\u00f3Parf\u00fcm<\/h3>\n<ul>\n<li>bog\u00e1relt\u00e1vol\u00edt\u00e1s<\/li>\n<li>k\u00fcls\u0151 el\u0151mos\u00e1s akt\u00edv habbal<\/li>\n<li>viasz<\/li>\n<li>vegyszeres felnitiszt\u00edt\u00e1s<\/li>\n<li>utast\u00e9r takar\u00edt\u00e1sa (porsz\u00edv\u00f3z\u00e1s, portalan\u00edt\u00e1s)<\/li>\n<li>k\u00fcls\u0151-bels\u0151 \u00fcvegfel\u00fcletek vegyszeres tiszt\u00edt\u00e1sa<\/li>\n<li>bels\u0151 m\u0171anyagok \u00a0\u00e1pol\u00e1sa<\/li>\n<li>csomagt\u00e9r \/ rakt\u00e9r \/ plat\u00f3 takar\u00edt\u00e1sa<\/li>\n<li><strong>24 \u00f3r\u00e1s Es\u0151garancia<\/strong><\/li>\n<\/ul>\n<\/td>\n<td class=\"bigprice\" align=\"center\">\u00a014.000Ft<\/td>\n<td class=\"bigprice\" align=\"center\">15.600Ft<\/td>\n<td class=\"bigprice\" align=\"center\">17.000Ft<\/td>\n<td class=\"bigprice\" align=\"center\">19.800Ft\/5\u00dcl\u00e9ses<br \/>\n+1.100Ft \u00dcl\u00e9s\/db<\/td>\n<td class=\"bigprice\" align=\"center\">25.700Ft\/3\u00dcl\u00e9ses<br \/>\n+1.100Ft \u00dcl\u00e9s\/db<\/td>\n<\/tr>\n<tr class=\"rowcolor4\">\n<td style=\"background: url('http:\/\/www.carspa.hu\/budapest\/wp-content\/uploads\/2016\/07\/esogarancia_ikon.png') top right no-repeat;\">\n<h3><a name=\"platinum\"><\/a>Platinum + Aut\u00f3Parf\u00fcm<\/h3>\n<ul>\n<li>bog\u00e1relt\u00e1vol\u00edt\u00e1s<\/li>\n<li>k\u00fcls\u0151 el\u0151mos\u00e1s akt\u00edv habbal<\/li>\n<li>viasz<\/li>\n<li>vegyszeres felnitiszt\u00edt\u00e1s<\/li>\n<li>gumi\u00e1pol\u00e1s<\/li>\n<li>sz\u00e1razol\u00e1s, falcok kit\u00f6rl\u00e9se<\/li>\n<li>utast\u00e9r takar\u00edt\u00e1sa\u00a0(porsz\u00edv\u00f3z\u00e1s, portalan\u00edt\u00e1s)<\/li>\n<li>k\u00fcls\u0151-bels\u0151 \u00fcvegfel\u00fcletek vegyszeres tiszt\u00edt\u00e1sa<\/li>\n<li>b\u0151rfel\u00fcletek\u00a0\u00e1tt\u00f6rl\u00e9se<\/li>\n<li>bels\u0151 m\u0171anyagok \u00a0\u00e1pol\u00e1sa<\/li>\n<li>csomagt\u00e9r \/ rakt\u00e9r \/ plat\u00f3 takar\u00edt\u00e1sa<\/li>\n<li><strong>24 \u00f3r\u00e1s Es\u0151garancia<\/strong><\/li>\n<\/ul>\n<\/td>\n<td class=\"bigprice\" align=\"center\">17.400Ft<\/td>\n<td class=\"bigprice\" align=\"center\">19.200Ft<\/td>\n<td class=\"bigprice\" align=\"center\">20.600Ft<\/td>\n<td class=\"bigprice\" align=\"center\">23.000Ft\/5\u00dcl\u00e9ses<br \/>\n+1.200Ft \u00dcl\u00e9s\/db<\/td>\n<td class=\"bigprice\" align=\"center\">29.700Ft\/3\u00dcl\u00e9ses<br \/>\n+1.200Ft \u00dcl\u00e9s\/db<\/td>\n<\/tr>\n<tr class=\"rowcolor5\">\n<td style=\"background: url('http:\/\/www.carspa.hu\/budapest\/wp-content\/uploads\/2016\/07\/esogarancia_ikon.png') top right no-repeat;\">\n<h3><a name=\"diamond\"><\/a>DIAMOND + Aut\u00f3Parf\u00fcm<\/h3>\n<ul>\n<li>bog\u00e1relt\u00e1vol\u00edt\u00e1s<\/li>\n<li>k\u00fcls\u0151 el\u0151mos\u00e1s akt\u00edv habbal<\/li>\n<li>viasz<\/li>\n<li>vegyszeres felnitiszt\u00edt\u00e1s<\/li>\n<li>gumi\u00e1pol\u00e1s<\/li>\n<li>sz\u00e1razol\u00e1s, falcok kit\u00f6rl\u00e9se<\/li>\n<li>karossz\u00e9ria waxol\u00e1sa<\/li>\n<li>utast\u00e9r takar\u00edt\u00e1sa\u00a0(teljes porsz\u00edv\u00f3z\u00e1s, portalan\u00edt\u00e1s)<\/li>\n<li>k\u00fcls\u0151-bels\u0151 m\u0171anyag \u00e1pol\u00e1sa<\/li>\n<li>k\u00fcls\u0151-bels\u0151 \u00fcvegfel\u00fcletek vegyszeres tiszt\u00edt\u00e1sa<\/li>\n<li>b\u0151rfel\u00fcletek \u00e1tt\u00f6rl\u00e9se<\/li>\n<li>csomagt\u00e9r \/ rakt\u00e9r \/ plat\u00f3 takar\u00edt\u00e1sa<\/li>\n<li><strong>24 \u00f3r\u00e1s Es\u0151garancia<\/strong><\/li>\n<\/ul>\n<p class=\"smalltext\" style=\"text-align: center;\">(A k\u00e9zi Waxol\u00e1s id\u0151ig\u00e9nye miatt a program id\u0151tartama kb. 1 \u00f3ra)<\/p>\n<\/td>\n<td class=\"bigprice\" align=\"center\">29.900Ft<\/td>\n<td class=\"bigprice\" align=\"center\">34.800Ft<\/td>\n<td class=\"bigprice\" align=\"center\">37.400Ft<\/td>\n<td class=\"bigprice\" align=\"center\">42.800Ft\/5\u00dcl\u00e9ses<br \/>\n+1.200Ft \u00dcl\u00e9s\/db<\/td>\n<td class=\"bigprice\" align=\"center\">55.000Ft\/3\u00dcl\u00e9ses<br \/>\n+1.200Ft \u00dcl\u00e9s\/db<\/td>\n<\/tr>\n<tr class=\"servicetable\">\n<td colspan=\"6\" align=\"center\">\n<h3><a name=\"services\"><\/a>SZOLG\u00c1LTAT\u00c1SOK<\/h3>\n<\/td>\n<\/tr>\n<tr class=\"servicetable\">\n<td>Akt\u00edv hab<\/td>\n<td align=\"right\">2.200 Ft<\/td>\n<td align=\"right\">2.500 Ft<\/td>\n<td align=\"right\">2.750 Ft<\/td>\n<td align=\"right\">3.500 Ft<\/td>\n<td align=\"right\">4.000 Ft<\/td>\n<\/tr>\n<tr class=\"servicetable\">\n<td>\u00c1ltal\u00e1nos k\u00e9zi Waxol\u00e1s (Ny\u00e1ri, T\u00e9li)<\/td>\n<td align=\"right\">18.000\u00a0Ft<\/td>\n<td align=\"right\">19.600 Ft<\/td>\n<td align=\"right\">22.000 Ft<\/td>\n<td align=\"right\">24.000 Ft<\/td>\n<td align=\"right\">29.500 Ft-t\u00f3l<\/td>\n<\/tr>\n<tr class=\"servicetable\">\n<td>Bels\u0151 ablaktiszt\u00edt\u00e1s<\/td>\n<td align=\"right\">2.200 Ft<\/td>\n<td align=\"right\">2.300 Ft<\/td>\n<td align=\"right\">2.400 Ft<\/td>\n<td align=\"right\">2.800 Ft<\/td>\n<td align=\"right\">3.300 Ft-t\u00f3l<\/td>\n<\/tr>\n<tr class=\"servicetable\">\n<td>Bels\u0151 b\u0151rtiszt\u00edt\u00e1s, szennyezetts\u00e9gt\u0151l f\u00fcgg\u0151en<\/td>\n<td align=\"right\">27.500 Ft-t\u00f3l<\/td>\n<td align=\"right\">30.000 Ft-t\u00f3l<\/td>\n<td align=\"right\">31.500 Ft-t\u00f3l<\/td>\n<td align=\"right\">37.000 Ft-t\u00f3l<\/td>\n<td align=\"right\">3\u00fcl\u00e9s\/24.000 Ft-t\u00f3l<\/td>\n<\/tr>\n<tr class=\"servicetable\">\n<td>Bels\u0151 m\u0171anyagok\u00a0 \u00e1pol\u00e1sa<\/td>\n<td align=\"right\">2.300 Ft<\/td>\n<td align=\"right\">2.500 Ft<\/td>\n<td align=\"right\">2.750 Ft<\/td>\n<td align=\"right\">3.700 Ft<\/td>\n<td align=\"right\">4.400 Ft-t\u00f3l<\/td>\n<\/tr>\n<tr class=\"servicetable\">\n<td>Bels\u0151 m\u0171anyagok vegyszeres tiszt\u00edt\u00e1sa<\/td>\n<td align=\"right\">4.700 Ft<\/td>\n<td align=\"right\">5.300 Ft<\/td>\n<td align=\"right\">5.500 Ft<\/td>\n<td align=\"right\">7.200 Ft<\/td>\n<td align=\"right\">7.600 Ft-t\u00f3l<\/td>\n<\/tr>\n<tr class=\"servicetable\">\n<td>Bels\u0151 takar\u00edt\u00e1s (porsz\u00edv\u00f3z\u00e1s + portalan\u00edt\u00e1s, \u00fcvegfel\u00fcletek tiszt\u00edt\u00e1sa)<\/td>\n<td align=\"right\">6.500 Ft<\/td>\n<td align=\"right\">7.200 Ft<\/td>\n<td align=\"right\">7.800 Ft<\/td>\n<td align=\"right\">9.700 Ft<\/td>\n<td align=\"right\">11.000 Ft-t\u00f3l<\/td>\n<\/tr>\n<tr class=\"servicetable\">\n<td>Bels\u0151 utast\u00e9r porsz\u00edv\u00f3z\u00e1sa<\/td>\n<td align=\"right\">2.500 Ft<\/td>\n<td align=\"right\">2.750 Ft<\/td>\n<td align=\"right\">3.000 Ft<\/td>\n<td align=\"right\">3.500 Ft<\/td>\n<td align=\"right\">4.600 Ft-t\u00f3l<\/td>\n<\/tr>\n<tr class=\"servicetable\">\n<td>Bog\u00e1r vegyszeres elt\u00e1vol\u00edt\u00e1sa<\/td>\n<td align=\"right\">1.800 Ft<\/td>\n<td align=\"right\">2.000 Ft<\/td>\n<td align=\"right\">2.200 Ft<\/td>\n<td align=\"right\">2.400 Ft<\/td>\n<td align=\"right\">2.800 Ft<\/td>\n<\/tr>\n<tr class=\"servicetable\">\n<td>B\u0151r vegyszeres \u00e1pol\u00e1sa<\/td>\n<td align=\"right\">7.000 Ft<\/td>\n<td align=\"right\">7.500 Ft<\/td>\n<td align=\"right\">8.000 Ft<\/td>\n<td align=\"right\">8.500 Ft<\/td>\n<td align=\"right\">7.200 Ft-t\u00f3l<\/td>\n<\/tr>\n<tr class=\"servicetable\">\n<td>Felni tiszt\u00edt\u00e1sa &#8211; darabonk\u00e9nt!<\/td>\n<td align=\"right\">900 Ft\/db<\/td>\n<td align=\"right\">1.000 Ft\/db<\/td>\n<td align=\"right\">1.100 Ft\/db<\/td>\n<td align=\"right\">1.400 Ft\/db<\/td>\n<td align=\"right\">1.500 Ft\/db<\/td>\n<\/tr>\n<tr class=\"servicetable\">\n<td>G\u0151zborotva<\/td>\n<td align=\"right\">2.800 Ft<\/td>\n<td align=\"right\">3.000 Ft<\/td>\n<td align=\"right\">3.500 Ft<\/td>\n<td align=\"right\">4.500 Ft<\/td>\n<td align=\"right\">7.000 Ft<\/td>\n<\/tr>\n<tr class=\"servicetable\">\n<td>Gumi \u00e1pol\u00e1sa &#8211;\u00a0 darabonk\u00e9nt!<\/td>\n<td align=\"right\">275\u00a0Ft\/db<\/td>\n<td align=\"right\">330 Ft\/db<\/td>\n<td align=\"right\">350 Ft\/db<\/td>\n<td align=\"right\">380 Ft\/db<\/td>\n<td align=\"right\">440 Ft\/db<\/td>\n<\/tr>\n<tr class=\"servicetable\">\n<td>Kisteheraut\u00f3-Jeep rakt\u00e9r \/plat\u00f3 tiszt\u00edt\u00e1sa<\/td>\n<td align=\"right\">3.500 Ft<\/td>\n<td align=\"right\">4.000 Ft<\/td>\n<td align=\"right\">4.500 Ft<\/td>\n<td align=\"right\">5.000 Ft<\/td>\n<td align=\"right\">8.000 Ft<\/td>\n<\/tr>\n<tr class=\"servicetable\">\n<td>K\u00fcls\u0151 m\u0171anyagok \u00e1pol\u00e1sa<\/td>\n<td align=\"right\">2.000 Ft<\/td>\n<td align=\"right\">2.200 Ft<\/td>\n<td align=\"right\">2.300 Ft<\/td>\n<td align=\"right\">4.000 Ft<\/td>\n<td align=\"right\">5.000 Ft<\/td>\n<\/tr>\n<tr class=\"servicetable\">\n<td style=\"text-align: left;\" align=\"right\">Korrekci\u00f3s\u00a0pol\u00edroz\u00e1s 3 f\u00e1zisban<\/td>\n<td align=\"right\">90.000 Ft-t\u00f3l<\/td>\n<td align=\"right\">110.000 Ft-t\u00f3l<\/td>\n<td align=\"right\">120.000 Ft-t\u00f3l<\/td>\n<td align=\"right\">150.000 Ft-t\u00f3l<\/td>\n<td align=\"right\">180.000 Ft-t\u00f3l<\/td>\n<\/tr>\n<tr class=\"servicetable\">\n<td>Tet\u0151k\u00e1rpit tiszt\u00edt\u00e1sa oszlopokkal<\/td>\n<td align=\"right\">15.000 Ft<\/td>\n<td align=\"right\">17.000 Ft<\/td>\n<td align=\"right\">18.500 Ft<\/td>\n<td align=\"right\">21.000 Ft<\/td>\n<td align=\"right\">21.000 Ft-t\u00f3l<\/td>\n<\/tr>\n<tr class=\"servicetable\">\n<td>Utast\u00e9r \u00d3zon-tiszt\u00edt\u00e1s<\/td>\n<td align=\"right\">9.000 Ft<\/td>\n<td align=\"right\">9.000 Ft<\/td>\n<td align=\"right\">9.000 Ft<\/td>\n<td align=\"right\">9.000 Ft<\/td>\n<td align=\"right\">9.000 Ft<\/td>\n<\/tr>\n<tr class=\"servicetable\">\n<td>Utast\u00e9r teljes k\u00e1rpittiszt\u00edt\u00e1sa, b\u0151rtiszt\u00edt\u00e1sa szennyezetts\u00e9gt\u0151l f\u00fcgg\u0151en<\/td>\n<td align=\"right\">60.000Ft-t\u00f3l<\/td>\n<td align=\"right\">65.000 Ft-t\u00f3l<\/td>\n<td align=\"right\">70.000 Ft-t\u00f3l<\/td>\n<td align=\"right\">77.500 Ft-t\u00f3l<\/td>\n<td align=\"right\">55.000 Ft-t\u00f3l<\/td>\n<\/tr>\n<tr class=\"servicetable\">\n<td>Viasz \/ NANO Viasz<\/td>\n<td align=\"right\">2.100\/2.750 Ft<\/td>\n<td align=\"right\">2.400\/3.000 Ft<\/td>\n<td align=\"right\">2.500\/3.300 Ft<\/td>\n<td align=\"right\">2.750\/3.700 Ft<\/td>\n<td align=\"right\">3.300\/5.600 Ft<\/td>\n<\/tr>\n<tr class=\"servicetable\">\n<td>Bels\u0151 utast\u00e9r Extra Porsz\u00edv\u00f3z\u00e1sa<\/td>\n<td align=\"right\">3.000 Ft<\/td>\n<td align=\"right\">3.000 Ft<\/td>\n<td align=\"right\">3.000 Ft<\/td>\n<td align=\"right\">3.000 Ft<\/td>\n<td align=\"right\">3.000 Ft<\/td>\n<\/tr>\n<tr class=\"servicetable\">\n<td>Eszt\u00e9tikai Motortiszt\u00edt\u00e1s, Motort\u00e9r \u00e1pol\u00e1s \/megrendel\u0151 felel\u0151ss\u00e9g\u00e9re\/<\/td>\n<td align=\"right\">5.500 Ft<\/td>\n<td align=\"right\">6.000 Ft<\/td>\n<td align=\"right\">6.500 Ft<\/td>\n<td align=\"right\">7.000 Ft<\/td>\n<td align=\"right\">7.500 Ft<\/td>\n<\/tr>\n<tr class=\"servicetable\">\n<td>Moped-Motorker\u00e9kp\u00e1r tiszt\u00edt\u00e1sa<\/td>\n<td colspan=\"5\" align=\"center\">7.000 Ft<\/td>\n<\/tr>\n<tr class=\"servicetable\">\n<td>\u00dcl\u00e9s-k\u00e1rpittiszt\u00edt\u00e1sa\/db sz\u00e1r\u00edt\u00e1ssal<\/td>\n<td align=\"right\">7.700 Ft-t\u00f3l<\/td>\n<td align=\"right\">7.700 Ft-t\u00f3l<\/td>\n<td align=\"right\">7.700 Ft-t\u00f3l<\/td>\n<td align=\"right\">7.700 Ft-t\u00f3l<\/td>\n<td align=\"right\">7.700 Ft-t\u00f3l<\/td>\n<\/tr>\n<tr class=\"servicetable\">\n<td>\u00dcl\u0151lap-k\u00e1rpittiszt\u00edt\u00e1sa\/db sz\u00e1r\u00edt\u00e1ssal<\/td>\n<td align=\"right\">5.500 Ft-t\u00f3l<\/td>\n<td align=\"right\">5.500 Ft-t\u00f3l<\/td>\n<td align=\"right\">5.500 Ft-t\u00f3l<\/td>\n<td align=\"right\">5.500 Ft-t\u00f3l<\/td>\n<td align=\"right\">5.500 Ft-t\u00f3l<\/td>\n<\/tr>\n<\/tbody>\n<\/table>\n<p align=\"center\"><em>A fenti \u00e1rak \u00e1tlagos szennyez\u0151d\u00e9s eset\u00e9n \u00e9rtend\u0151ek \u00e9s az \u00c1F\u00c1-t tartalmazz\u00e1k.<br \/>\n<strong>Az er\u0151sen\u00a0szennyezett aut\u00f3kn\u00e1l fel\u00e1rat sz\u00e1molunk fel.<\/strong><br \/>\n<span style=\"text-decoration: underline;\">A szolg\u00e1ltat\u00e1saink sor\u00e1n keletkezett be\u00e1z\u00e1sok\u00e9rt, illetve az aut\u00f3ban hagyott \u00e9rt\u00e9kt\u00e1rgyak\u00e9rt \u00e9s az el\u00f6regedett alkatr\u00e9szek\u00e9rt FELEL\u0150SS\u00c9GET NEM V\u00c1LLALUNK !<\/span><\/em><\/p>\n<p align=\"center\"><em><strong>K\u00f6sz\u00f6nj\u00fck, hogy minket v\u00e1lasztottak! WWW.CARSPA.HU<\/strong><\/em><\/p>\n","protected":false},"excerpt":{"rendered":"<p>Kedvezm\u00e9nyes mos\u00e1si programok Szem\u00e9lyg\u00e9pkocsi Kis\u00a0 \u00a0 \u00a0 \u00a0 \u00a0 \u00a0 \u00a0\u00a0K\u00f6z\u00e9p\u00a0 \u00a0 \u00a0 \u00a0 \u00a0 \u00a0 \u00a0Nagy Jeep-Furgon, Kisteher Mikrobusz, Nagyteher Bronz k\u00fcls\u0151 el\u0151mos\u00e1s akt\u00edv habbal sz\u00e1razol\u00e1s, falcok kit\u00f6rl\u00e9se \u00fcvegfel\u00fcletek\u00a0k\u00fcls\u0151 tiszt\u00edt\u00e1sa 6.200Ft 6.900Ft 7.600Ft 9.700Ft 15.900Ft Extra K\u00fcls\u0151 Nano Viasz bog\u00e1relt\u00e1vol\u00edt\u00e1s, k\u00fcls\u0151 el\u0151mos\u00e1s akt\u00edv habbal, Nano viasz, vegyszeres felnitiszt\u00edt\u00e1s sz\u00e1razol\u00e1s, \u00fcvegfel\u00fcletek k\u00fcls\u0151 tiszt\u00edt\u00e1sa, falcok kit\u00f6rl\u00e9se [&hellip;]<\/p>\n","protected":false},"author":1,"featured_media":0,"parent":0,"menu_order":0,"comment_status":"closed","ping_status":"closed","template":"page-full-width.php","meta":{"_acf_changed":false,"footnotes":""},"class_list":["post-9","page","type-page","status-publish","hentry"],"acf":[],"yoast_head":"<!-- This site is optimized with the Yoast SEO plugin v26.6 - https:\/\/yoast.com\/wordpress\/plugins\/seo\/ -->\n<title>\u00c1rak - BUBBLES K\u00e9zi Aut\u00f3mos\u00f3 (Budapest)<\/title>\n<meta name=\"robots\" content=\"index, follow, max-snippet:-1, max-image-preview:large, max-video-preview:-1\" \/>\n<link rel=\"canonical\" href=\"https:\/\/www.carspa.hu\/budapest\/arak\" \/>\n<meta property=\"og:locale\" content=\"hu_HU\" \/>\n<meta property=\"og:type\" content=\"article\" \/>\n<meta property=\"og:title\" content=\"\u00c1rak - BUBBLES K\u00e9zi Aut\u00f3mos\u00f3 (Budapest)\" \/>\n<meta property=\"og:description\" content=\"Kedvezm\u00e9nyes mos\u00e1si programok Szem\u00e9lyg\u00e9pkocsi Kis\u00a0 \u00a0 \u00a0 \u00a0 \u00a0 \u00a0 \u00a0\u00a0K\u00f6z\u00e9p\u00a0 \u00a0 \u00a0 \u00a0 \u00a0 \u00a0 \u00a0Nagy Jeep-Furgon, Kisteher Mikrobusz, Nagyteher Bronz k\u00fcls\u0151 el\u0151mos\u00e1s akt\u00edv habbal sz\u00e1razol\u00e1s, falcok kit\u00f6rl\u00e9se \u00fcvegfel\u00fcletek\u00a0k\u00fcls\u0151 tiszt\u00edt\u00e1sa 6.200Ft 6.900Ft 7.600Ft 9.700Ft 15.900Ft Extra K\u00fcls\u0151 Nano Viasz bog\u00e1relt\u00e1vol\u00edt\u00e1s, k\u00fcls\u0151 el\u0151mos\u00e1s akt\u00edv habbal, Nano viasz, vegyszeres felnitiszt\u00edt\u00e1s sz\u00e1razol\u00e1s, \u00fcvegfel\u00fcletek k\u00fcls\u0151 tiszt\u00edt\u00e1sa, falcok kit\u00f6rl\u00e9se [&hellip;]\" \/>\n<meta property=\"og:url\" content=\"https:\/\/www.carspa.hu\/budapest\/arak\" \/>\n<meta property=\"og:site_name\" content=\"BUBBLES K\u00e9zi Aut\u00f3mos\u00f3 (Budapest)\" \/>\n<meta property=\"article:modified_time\" content=\"2025-04-01T13:33:36+00:00\" \/>\n<meta property=\"og:image\" content=\"https:\/\/www.carspa.hu\/budapest\/wp-content\/uploads\/2016\/07\/tipus_szemely.jpg\" \/>\n\t<meta property=\"og:image:width\" content=\"132\" \/>\n\t<meta property=\"og:image:height\" content=\"82\" \/>\n\t<meta property=\"og:image:type\" content=\"image\/jpeg\" \/>\n<meta name=\"twitter:card\" content=\"summary_large_image\" \/>\n<meta name=\"twitter:label1\" content=\"Becs\u00fclt olvas\u00e1si id\u0151\" \/>\n\t<meta name=\"twitter:data1\" content=\"4 perc\" \/>\n<script type=\"application\/ld+json\" class=\"yoast-schema-graph\">{\"@context\":\"https:\/\/schema.org\",\"@graph\":[{\"@type\":\"WebPage\",\"@id\":\"https:\/\/www.carspa.hu\/budapest\/arak\",\"url\":\"https:\/\/www.carspa.hu\/budapest\/arak\",\"name\":\"\u00c1rak - BUBBLES K\u00e9zi Aut\u00f3mos\u00f3 (Budapest)\",\"isPartOf\":{\"@id\":\"https:\/\/www.carspa.hu\/budapest\/#website\"},\"primaryImageOfPage\":{\"@id\":\"https:\/\/www.carspa.hu\/budapest\/arak#primaryimage\"},\"image\":{\"@id\":\"https:\/\/www.carspa.hu\/budapest\/arak#primaryimage\"},\"thumbnailUrl\":\"http:\/\/www.carspa.hu\/budapest\/wp-content\/uploads\/2016\/07\/tipus_szemely.jpg\",\"datePublished\":\"2016-07-12T20:22:29+00:00\",\"dateModified\":\"2025-04-01T13:33:36+00:00\",\"breadcrumb\":{\"@id\":\"https:\/\/www.carspa.hu\/budapest\/arak#breadcrumb\"},\"inLanguage\":\"hu\",\"potentialAction\":[{\"@type\":\"ReadAction\",\"target\":[\"https:\/\/www.carspa.hu\/budapest\/arak\"]}]},{\"@type\":\"ImageObject\",\"inLanguage\":\"hu\",\"@id\":\"https:\/\/www.carspa.hu\/budapest\/arak#primaryimage\",\"url\":\"http:\/\/www.carspa.hu\/budapest\/wp-content\/uploads\/2016\/07\/tipus_szemely.jpg\",\"contentUrl\":\"http:\/\/www.carspa.hu\/budapest\/wp-content\/uploads\/2016\/07\/tipus_szemely.jpg\"},{\"@type\":\"BreadcrumbList\",\"@id\":\"https:\/\/www.carspa.hu\/budapest\/arak#breadcrumb\",\"itemListElement\":[{\"@type\":\"ListItem\",\"position\":1,\"name\":\"Home\",\"item\":\"https:\/\/www.carspa.hu\/budapest\/\"},{\"@type\":\"ListItem\",\"position\":2,\"name\":\"\u00c1rak\"}]},{\"@type\":\"WebSite\",\"@id\":\"https:\/\/www.carspa.hu\/budapest\/#website\",\"url\":\"https:\/\/www.carspa.hu\/budapest\/\",\"name\":\"BUBBLES K\u00e9zi Aut\u00f3mos\u00f3 (Budapest)\",\"description\":\"K\u00e9zi aut\u00f3mos\u00f3\",\"potentialAction\":[{\"@type\":\"SearchAction\",\"target\":{\"@type\":\"EntryPoint\",\"urlTemplate\":\"https:\/\/www.carspa.hu\/budapest\/?s={search_term_string}\"},\"query-input\":{\"@type\":\"PropertyValueSpecification\",\"valueRequired\":true,\"valueName\":\"search_term_string\"}}],\"inLanguage\":\"hu\"}]}<\/script>\n<!-- \/ Yoast SEO plugin. -->","yoast_head_json":{"title":"\u00c1rak - BUBBLES K\u00e9zi Aut\u00f3mos\u00f3 (Budapest)","robots":{"index":"index","follow":"follow","max-snippet":"max-snippet:-1","max-image-preview":"max-image-preview:large","max-video-preview":"max-video-preview:-1"},"canonical":"https:\/\/www.carspa.hu\/budapest\/arak","og_locale":"hu_HU","og_type":"article","og_title":"\u00c1rak - BUBBLES K\u00e9zi Aut\u00f3mos\u00f3 (Budapest)","og_description":"Kedvezm\u00e9nyes mos\u00e1si programok Szem\u00e9lyg\u00e9pkocsi Kis\u00a0 \u00a0 \u00a0 \u00a0 \u00a0 \u00a0 \u00a0\u00a0K\u00f6z\u00e9p\u00a0 \u00a0 \u00a0 \u00a0 \u00a0 \u00a0 \u00a0Nagy Jeep-Furgon, Kisteher Mikrobusz, Nagyteher Bronz k\u00fcls\u0151 el\u0151mos\u00e1s akt\u00edv habbal sz\u00e1razol\u00e1s, falcok kit\u00f6rl\u00e9se \u00fcvegfel\u00fcletek\u00a0k\u00fcls\u0151 tiszt\u00edt\u00e1sa 6.200Ft 6.900Ft 7.600Ft 9.700Ft 15.900Ft Extra K\u00fcls\u0151 Nano Viasz bog\u00e1relt\u00e1vol\u00edt\u00e1s, k\u00fcls\u0151 el\u0151mos\u00e1s akt\u00edv habbal, Nano viasz, vegyszeres felnitiszt\u00edt\u00e1s sz\u00e1razol\u00e1s, \u00fcvegfel\u00fcletek k\u00fcls\u0151 tiszt\u00edt\u00e1sa, falcok kit\u00f6rl\u00e9se [&hellip;]","og_url":"https:\/\/www.carspa.hu\/budapest\/arak","og_site_name":"BUBBLES K\u00e9zi Aut\u00f3mos\u00f3 (Budapest)","article_modified_time":"2025-04-01T13:33:36+00:00","og_image":[{"width":132,"height":82,"url":"https:\/\/www.carspa.hu\/budapest\/wp-content\/uploads\/2016\/07\/tipus_szemely.jpg","type":"image\/jpeg"}],"twitter_card":"summary_large_image","twitter_misc":{"Becs\u00fclt olvas\u00e1si id\u0151":"4 perc"},"schema":{"@context":"https:\/\/schema.org","@graph":[{"@type":"WebPage","@id":"https:\/\/www.carspa.hu\/budapest\/arak","url":"https:\/\/www.carspa.hu\/budapest\/arak","name":"\u00c1rak - BUBBLES K\u00e9zi Aut\u00f3mos\u00f3 (Budapest)","isPartOf":{"@id":"https:\/\/www.carspa.hu\/budapest\/#website"},"primaryImageOfPage":{"@id":"https:\/\/www.carspa.hu\/budapest\/arak#primaryimage"},"image":{"@id":"https:\/\/www.carspa.hu\/budapest\/arak#primaryimage"},"thumbnailUrl":"http:\/\/www.carspa.hu\/budapest\/wp-content\/uploads\/2016\/07\/tipus_szemely.jpg","datePublished":"2016-07-12T20:22:29+00:00","dateModified":"2025-04-01T13:33:36+00:00","breadcrumb":{"@id":"https:\/\/www.carspa.hu\/budapest\/arak#breadcrumb"},"inLanguage":"hu","potentialAction":[{"@type":"ReadAction","target":["https:\/\/www.carspa.hu\/budapest\/arak"]}]},{"@type":"ImageObject","inLanguage":"hu","@id":"https:\/\/www.carspa.hu\/budapest\/arak#primaryimage","url":"http:\/\/www.carspa.hu\/budapest\/wp-content\/uploads\/2016\/07\/tipus_szemely.jpg","contentUrl":"http:\/\/www.carspa.hu\/budapest\/wp-content\/uploads\/2016\/07\/tipus_szemely.jpg"},{"@type":"BreadcrumbList","@id":"https:\/\/www.carspa.hu\/budapest\/arak#breadcrumb","itemListElement":[{"@type":"ListItem","position":1,"name":"Home","item":"https:\/\/www.carspa.hu\/budapest\/"},{"@type":"ListItem","position":2,"name":"\u00c1rak"}]},{"@type":"WebSite","@id":"https:\/\/www.carspa.hu\/budapest\/#website","url":"https:\/\/www.carspa.hu\/budapest\/","name":"BUBBLES K\u00e9zi Aut\u00f3mos\u00f3 (Budapest)","description":"K\u00e9zi aut\u00f3mos\u00f3","potentialAction":[{"@type":"SearchAction","target":{"@type":"EntryPoint","urlTemplate":"https:\/\/www.carspa.hu\/budapest\/?s={search_term_string}"},"query-input":{"@type":"PropertyValueSpecification","valueRequired":true,"valueName":"search_term_string"}}],"inLanguage":"hu"}]}},"_links":{"self":[{"href":"https:\/\/www.carspa.hu\/budapest\/wp-json\/wp\/v2\/pages\/9","targetHints":{"allow":["GET"]}}],"collection":[{"href":"https:\/\/www.carspa.hu\/budapest\/wp-json\/wp\/v2\/pages"}],"about":[{"href":"https:\/\/www.carspa.hu\/budapest\/wp-json\/wp\/v2\/types\/page"}],"author":[{"embeddable":true,"href":"https:\/\/www.carspa.hu\/budapest\/wp-json\/wp\/v2\/users\/1"}],"replies":[{"embeddable":true,"href":"https:\/\/www.carspa.hu\/budapest\/wp-json\/wp\/v2\/comments?post=9"}],"version-history":[{"count":42,"href":"https:\/\/www.carspa.hu\/budapest\/wp-json\/wp\/v2\/pages\/9\/revisions"}],"predecessor-version":[{"id":550,"href":"https:\/\/www.carspa.hu\/budapest\/wp-json\/wp\/v2\/pages\/9\/revisions\/550"}],"wp:attachment":[{"href":"https:\/\/www.carspa.hu\/budapest\/wp-json\/wp\/v2\/media?parent=9"}],"curies":[{"name":"wp","href":"https:\/\/api.w.org\/{rel}","templated":true}]}}